- 18. Is b(v) a prime number?
False
Suppose 3*p - 127 = 8. Suppose -l + p + 32 = 0. Is l a composite number?
True
Is -1 - (-2 - -3)*-212 a prime number?
True
Let n be ((-2)/(-6))/(2/(-6)). Is ((-1)/3)/(n/93) a composite number?
False
Suppose 5*h + 26 = -9. Is 2/h + 1680/49 composite?
True
Let o(q) be the first derivative of -q**4/4 - 14*q**3/3 - 13*q**2/2 + 19*q - 1. Is o(-13) a prime number?
True
Let m = -7 - -9. Suppose -m*w + w = 8. Is w/2*95/(-20) a composite number?
False
Let z = 147 - 50. Is z composite?
False
Let o be ((-2)/(-4))/((-5)/(-14650)). Suppose -i = 4*i - o. Is i a composite number?
False
Let d = 66 + -7. Is d composite?
False
Let o(b) = -b**3 + 4*b**2 + 3*b + 3. Let j(w) = -2*w - 6. Let u be j(-4). Let l be 2/3*9/u. Is o(l) composite?
True
Suppose 0 = -3*y + 2*y + 4*p + 19, 3*p = 5*y - 27. Suppose -2*o + 38 = y*m - 176, 5*o - 229 = -3*m. Suppose 0 = 4*k - 2*k - m. Is k a composite number?
True
Suppose 8421 - 2045 = 8*v. Is v a composite number?
False
Is 3/(-3)*(0 - 1) + 868 a prime number?
False
Suppose -82 = -5*u + 3*b + 66, 4*b + 33 = u. Let k = 162 + u. Is k a prime number?
True
Let d(r) = -r - 3. Let k be d(3). Is 8 + k - 4*-23 composite?
True
Suppose 0*c - 92477 = -11*c. Is c a prime number?
False
Let j(f) = 36*f**2 + 6*f - 36. Let x(g) = 7*g**2 + g - 7. Let t(c) = -2*j(c) + 11*x(c). Is t(5) a composite number?
True
Suppose n = -5*c + 9, -4*c + 66 = 4*n + n. Is (-102)/(-14) + (-4)/n composite?
False
Let a(r) = r**2 - 7*r + 3. Let v be a(4). Let d be (3 + v)/((-6)/4). Suppose 0 = -5*f + j + 114, 3*j + 32 = d*f - 57. Is f composite?
False
Let b = -987 + 1924. Is b prime?
True
Let i = 4 + -1. Let g(w) = -w**2 + 4*w - 1. Let x be g(i). Suppose -7*j + x*j + 265 = 0. Is j prime?
True
Suppose 0 = h + 5*f - 25, f + 0*f = 4*h + 5. Suppose h = 4*z - 67 - 17. Let t = 128 + z. Is t prime?
True
Let l(c) = -7*c**2 + 5*c + 2. Let z be l(4). Let o = z - -157. Is o prime?
True
Let a(m) = -1092*m + 49. Is a(-10) composite?
True
Suppose 0 = 4*c - c - 150. Is 1820/c + 6/10 prime?
True
Let l(a) = -2*a + 1. Let d be l(-1). Suppose 0 = d*g - 4*g + u - 3, -15 = 5*g + u. Is (-40)/g + 2/3 prime?
False
Let z(c) = c**3 - 6*c**2 - 3. Let h(d) = d**2 - 2*d + 3. Let a be h(2). Let v be z(a). Let f = v + 49. Is f a composite number?
False
Let w(j) = 159*j**2 - 4*j + 3. Let h be (2/(-3))/(6/(-18)). Is w(h) composite?
False
Let m(a) be the third derivative of 3*a**4/8 - a**2. Let r be m(-7). Let y = 106 + r. Is y a composite number?
False
Suppose 0 = 3*l + d + 4, 4*l + 3*d + 3 = -4. Let q be (-52)/12 + l/(-3). Let v(i) = -i**2 - 5*i - 1. Is v(q) composite?
False
Suppose c = 2*n - 409, -5*n + 307 = -4*c - 720. Is n a prime number?
False
Let v(c) be the first derivative of c**4/4 - 3*c**2/2 + 23*c - 2. Let s(u) = -3*u**3 + 7*u - 47. Let y(k) = 2*s(k) + 5*v(k). Is y(0) a composite number?
True
Let x = 1734 - -2069. Is x composite?
False
Suppose 4*y - 85 = -y. Let h be 7/4 + (-3)/(-12). Suppose 3*v + 5*a - 133 = 0, -2*v + 111 = h*a + y. Is v composite?
True
Let q(c) = -78*c + 11. Is q(-8) a prime number?
False
Let i(t) = -t**3 - 8*t**2 - 7*t + 5. Let y be i(-7). Suppose 6*g - y*g - 7 = 0. Is g prime?
True
Let i be (-117)/(-36) - (-2)/(-8). Suppose 4*n - 62 = -3*z + 26, 59 = i*n + 4*z. Is n composite?
True
Suppose -1455 = -5*m + 2*u, 0*m = -m + 2*u + 283. Is m prime?
True
Suppose 3*v + 22 = -29. Let i = v - 191. Let q = -121 - i. Is q a prime number?
False
Let s(y) = y**2 - y - 1. Let q be s(2). Let i = q + -2. Is -7*(2*-1 - i) composite?
False
Let b be (-1)/(3/12*-1). Suppose 0*m + 8 = b*m. Suppose -2*c + 2*y = -34 - 22, -4*y - 50 = -m*c. Is c prime?
True
Let u = 234 + -57. Let h(v) = v**2 - 15*v - 32. Let m be h(17). Suppose -5*k + 181 = -l, -5*k = -0*l - m*l - u. Is k a prime number?
True
Suppose 0 = -3*y - y + 32. Suppose -4*q - 14 = b, 4*b + 5*q + 21 = b. Is (-49)/b*y/4 composite?
True
Is 1/((-924)/(-921) - 1) prime?
True
Let i = 140 + -6. Is i prime?
False
Let p = -17 - -27. Is p composite?
True
Is 0 + 2 + (119 - -6) prime?
True
Let t(c) be the third derivative of -5*c**4/24 - c**3/2 - 5*c**2. Is t(-8) a prime number?
True
Suppose 0 = 5*o + 5*a, 3*o + 5*a = 2*o - 20. Let i = o - 4. Is (1 + i)/((-2)/(-31)) composite?
False
Suppose 4*f - 5*k - 1656 = 0, 2*f + 7*k - 858 = 2*k. Is f a composite number?
False
Let t(p) = p**2 + 11*p + 12. Let d = -2 + -7. Let h be t(d). Is 408/9 + (-4)/h composite?
True
Suppose -5*y = -4*y - 1589. Is y composite?
True
Let h(y) = y + 1. Let d be h(-2). Let p be (3/(-3)*-83)/d. Let r = -48 - p. Is r a prime number?
False
Suppose -4*t = -3*t + 4, 4*z = 3*t + 848. Is z a composite number?
True
Suppose -232 - 184 = 2*a. Let v = -105 - a. Is v a prime number?
True
Suppose 2*m - 67 = m. Is m composite?
False
Let d be 3/(-1 - 2) - -52. Suppose -216 = -3*b - d. Is b a prime number?
False
Suppose 4*i = i - 9. Let j = i + 17. Is j composite?
True
Let f(k) = -297*k - 1. Is f(-2) prime?
True
Let i be 38/14 - 10/(-35). Is i + (3 - -17 - -3) a composite number?
True
Let g(w) = 15*w**3 - w - 7. Is g(3) composite?
True
Suppose 4*i - 3908 = 3728. Is i composite?
True
Suppose -58 = -x - 4*i + 25, 3*x = -i + 271. Is x composite?
True
Let l = 217 - 6. Is l composite?
False
Let x = -9 + 6. Let z(f) = 1. Let w(y) = 7*y + 2. Let t(g) = -w(g) + 3*z(g). Is t(x) a prime number?
False
Let h(u) = -3*u. Let l be h(-2). Let r = -6 - -4. Is r/6*(-414)/l a composite number?
False
Let z = -371 + 519. Suppose 2*q + z = 6*q. Let t = q - 3. Is t prime?
False
Let z = 430 - -63. Is z composite?
True
Suppose 12 = 4*p, 12 = -m - 2*p + 7*p. Suppose o + m*o - 288 = 0. Suppose 15 = w - o. Is w prime?
False
Suppose 5*g - 3*l = 3357, 4*g + 5*l - 2656 = -0*l. Suppose p + g = 4*p. Is p composite?
False
Suppose -5*g + 0*g + 410 = 0. Suppose g = -5*t + 1017. Is t a prime number?
False
Let g(a) = a**2 - 13*a + 18. Let s be g(12). Let c = -4 + s. Suppose 61 = d + c*n, -2*d + 2*n = -2*n - 138. Is d prime?
False
Suppose 0 = b - 1 - 1. Suppose p - 126 = -o, -2*o - 12 = -b*p + 260. Is p prime?
True
Let f = -68 + 327. Suppose -n - f = -2*n. Is n a composite number?
True
Let b = -245 - -580. Is b prime?
False
Suppose -2*p = 5*h - 287 - 75, -3*p + 585 = -3*h. Is p a composite number?
False
Let n = 13 - 7. Let h be (-1)/(-6) - (-1187)/n. Let c = 409 - h. Is c composite?
False
Let q = 6 + -4. Suppose 0*n = -q*n. Suppose 2*f = -n*f + 158. Is f a composite number?
False
Let a(u) = u**2 + 5*u - 6. Let t be a(-7). Let l = -1 + 4. Suppose -l*o = -t*o + 95. Is o a prime number?
True
Let s = -201 - -392. Suppose -4*h = 43 - s. Is h prime?
True
Is ((-10)/(-15))/((-4)/(-3090)) a prime number?
False
Suppose x = -4 - 4. Let s(n) = -5*n - 5. Is s(x) prime?
False
Let r = -54 - -137. Is r a prime number?
True
Let s = 10 + -8. Is s*(-35)/2*-1 prime?
False
Suppose p - 4*p = -897. Is p a prime number?
False
Let a(x) = x + 14. Let t be a(-11). Suppose -163 = -4*p + t*p. Is p a composite number?
False
Let x(n) = -n. Let y be x(-2). Suppose k = -2, y*u + 249 = 3*u + 4*k. Is u a prime number?
True
Let m be (-12)/(-3) + (1 - 104). Let p(f) = -f**2 + 4*f - 6. Let n be p(4). Is m/6*n/9 a composite number?
False
Let u(p) = -2*p - 7 - 8 + p**2 + 5. Suppose 4 - 39 = 5*y. Is u(y) a composite number?
False
Suppose -z + 2*z - 3 = 0, -2*i + 4*z = -10. Suppose -o + i - 83 = 0. Let w = o - -119. Is w a prime number?
True
Suppose 0*v + 4*v = 356. Is v prime?
True
Suppose 0 = -3*y - 3, -3*n + 2*y - 3*y + 1379 = 0. Suppose b + 49 = n. Let h = b - 70. Is h composite?
True
Let q = 241 - 38. Is q a composite number?
True
Let r = 394 - 276. Suppose 3*q - q - r = 0. Is q composite?
False
Let s be 1/((-3 - 0)/(-15)). Suppose 0 = s*h + 3*a + 2*a - 410, 0 = h - 3*a - 70. Is h prime?
True
Is 6/24 + ((-4158)/(-8) - -1) composite?
False
Let a = -688 - -1181. Is a prime?
False
Let h = 212 - 101. Suppose -h = 2*i - 23. Let x = -25 - i. Is x a prime number?
True
Suppose 4*z - 4608 = -2*d + 4*d, 2*z = 3*d + 2308. Is z composite?
False
Let o = -102 + 223. Is o a prime number?
False
Is ((-3)/3)/((-1)/955) a prime number?
False
Suppose q = 0, 0 = o - 5*q - 144 + 31. Is o a composite number?
False
Let q(l) be the second derivative of l**4/12 + l**3/6 + l**2/2 - l. Let o be q(6). Let g = 24 + o. Is g composite?
False
Let j be (-4)/(-5)